{"id":98,"date":"2024-10-06T15:18:56","date_gmt":"2024-10-06T15:18:56","guid":{"rendered":"https:\/\/syyspuolenturva.fi\/?page_id=98"},"modified":"2026-01-20T08:27:46","modified_gmt":"2026-01-20T06:27:46","slug":"hoivatahto","status":"publish","type":"page","link":"https:\/\/syyspuolenturva.fi\/index.php\/alku\/hoiva\/hoivatahto\/","title":{"rendered":"Hoivatahto"},"content":{"rendered":"<p><img data-recalc-dims=\"1\" loading=\"lazy\" decoding=\"async\" class=\"size-medium wp-image-78 alignright\" src=\"https:\/\/i0.wp.com\/syyspuolenturva.fi\/wp-content\/uploads\/2024\/10\/AT-bild1.jpg?resize=295%2C300&#038;ssl=1\" alt=\"teemakuva\" width=\"295\" height=\"300\" srcset=\"https:\/\/i0.wp.com\/syyspuolenturva.fi\/wp-content\/uploads\/2024\/10\/AT-bild1.jpg?resize=295%2C300&amp;ssl=1 295w, https:\/\/i0.wp.com\/syyspuolenturva.fi\/wp-content\/uploads\/2024\/10\/AT-bild1.jpg?w=358&amp;ssl=1 358w\" sizes=\"auto, (max-width: 295px) 100vw, 295px\" \/>Min\u00e4 Hoiva Tahto, s. 30.2.1943, olen t\u00e4n\u00e4\u00e4n tehnyt alla olevan hoivatahdon selvitt\u00e4\u00e4kseni hoivaani koskevan tahtoni. Hoivatahto tulee voimaan heti ja sit\u00e4 sovelletaan tilanteen mukaan.<\/p>\n<p>J\u00e4rjest\u00e4n hoivani itse jos pystyn, muutoin toimitaan kuten alla on m\u00e4\u00e4r\u00e4tty.<\/p>\n<p>Hoivatahto on jaettu kahteen p\u00e4\u00e4osaan, sitovat m\u00e4\u00e4r\u00e4ykset isoista ja t\u00e4rkeimmist\u00e4 asioista sek\u00e4 muista asioista jotka voivat olla joko sitovia tai ohjeellisia<\/p>\n<h2><strong>Sitova m\u00e4\u00e4r\u00e4ys hoivan j\u00e4rjest\u00e4misest\u00e4<\/strong><\/h2>\n<p>Haluan ettei ket\u00e4\u00e4n l\u00e4heisist\u00e4ni velvoiteta omaishoitajaksi. Haluan mahdollisuuksien mukaan asua kotonani ja sen tukemiseksi tulee k\u00e4ytt\u00e4\u00e4 ulkoisia palveluja tarpeen mukaan. P\u00e4\u00e4t\u00f6kset n\u00e4ist\u00e4 j\u00e4rjestelyist\u00e4 teen joko itse tai edunvalvontavaltuutettu.<\/p>\n<p>tai<\/p>\n<p>Olen sopinut poikani Aatos Tahto kanssa ett\u00e4 h\u00e4n aikanaan rupeaa omaishoitajakseni siten ett\u00e4 asun kotonani niin kauan kuin mahdollista. H\u00e4n voi harkintansa mukaan ostaa ulkoisia palveluja. H\u00e4n voi muuttaa kotiini niin ett\u00e4 hoiva on helpompaa. H\u00e4n on my\u00f6s edunvalvontavaltuutettu sitten kun edunvalvontavaltakirja vahvistetaan. H\u00e4nell\u00e4 on jo nyt valtakirja pankkitililleni ja voi siten hoitaa talousasiani.<\/p>\n<p>tai<\/p>\n<p>Haluan jossakin vaiheessa muuttaa kodistani tuettuun asuntolaan, ennen varsinaista hoivakotia. T\u00e4ll\u00f6in saan sopivaa seuraa asuntolassa joten toivottavasti v\u00e4lt\u00e4n yksin\u00e4isyyden.<\/p>\n<p>Sitten kun en en\u00e4\u00e4 kykene asumaan kotonani tai tuetussa asuntolassa minut tulee siirt\u00e4\u00e4 sopivaan hyv\u00e4maineiseen hoivakotiin. Haluan oman huoneen ja oman kylpyhuoneen. Edunvalvontaani hoitava henkil\u00f6 on vastuussa t\u00e4m\u00e4n asian j\u00e4rjest\u00e4miseksi sek\u00e4 riitt\u00e4vien varojen osoittamisesta tarkoitukseen. H\u00e4n on my\u00f6s vastuussa siit\u00e4 ett\u00e4 t\u00e4m\u00e4 hoivatahto toimitetaan hoivapaikkaan.<\/p>\n<p>Jos muutan pysyv\u00e4sti kotoa asuntolaan tai hoivakotiin tulee asuntoni myyd\u00e4 kuten edunvalvontavaltakirjassa on m\u00e4\u00e4r\u00e4tty.<\/p>\n<p>Hoivastani tulee raportoida vuosittain edunvalvontavaltuutetutulle.<\/p>\n<h2><strong>Muita hoivaa koskevia ohjeita<\/strong><\/h2>\n<p>Minulla ei ole tiedossa allergioita.<\/p>\n<p>Digitaalisista palveluista hyv\u00e4ksyn hoivak\u00e4yntien osittaisen korvaamisen videoneuvottelulla sill\u00e4 edellytyksell\u00e4 ett\u00e4 kykenen k\u00e4ytt\u00e4m\u00e4\u00e4n videoneuvottelun. Et\u00e4valvontaa videolla ei saa k\u00e4ytt\u00e4\u00e4 asuinhuoneessani.<\/p>\n<p>En hyv\u00e4ksy sellaista ruoka-automaattia jossa on pakastettuja annoksia jotka l\u00e4mmitet\u00e4\u00e4n. Pid\u00e4n sit\u00e4 navettaan sopivana menettelyn\u00e4. Ruokani tulee joko valmistaa paikan p\u00e4\u00e4ll\u00e4 tai tuoda l\u00e4mpim\u00e4n\u00e4 annoksena sopivasta valmistuspaikasta, tarvittaessa omakustannuspalveluna.<\/p>\n<p>Hapan maito haisee nen\u00e4ss\u00e4ni vanhanaikaiselle kaatopaikalle. Siksi minulle ei pid\u00e4 antaa piim\u00e4\u00e4, viili\u00e4, jugurttia ja vastaavaa. Saatan sylk\u00e4ist\u00e4 sellaiset ulos suustani.<\/p>\n<p>Huoneessani tulee olla sellainen televisio ja radio jota itse pystyn k\u00e4ytt\u00e4m\u00e4\u00e4n. Haluan oman tietokoneen ja internet-yhteyden niin kauan kun kykenen k\u00e4ytt\u00e4m\u00e4\u00e4n niit\u00e4.<\/p>\n<p>Kuulokojeeni paristot tulee vaihtaa jos loppuvat. Kuulokojeet tulee uusia tarvittaessa, asian hoitaa keskussairaala.<\/p>\n<p>En yleens\u00e4 osaa nukkua sel\u00e4ll\u00e4ni. Siksi minut on mieluiten nukutettava kyljell\u00e4ni tai vatsallani.<\/p>\n<p>Minut on ulkoilutettava voimieni mukaisella tavalla p\u00e4ivitt\u00e4in, tarvittaessa ulkoisena palveluna.<\/p>\n<p>Olen tehnyt ohjeen hautajaisistani. Olen my\u00f6s tehnyt hoitotahdon ja m\u00e4\u00e4r\u00e4nnyt ett\u00e4 sen kopio tulee toimittaa hoivapaikkaani.<\/p>\n<p>T\u00e4t\u00e4 hoivatahtoa on tehty kolmena kappaleena, yksi hoivapaikkaa varten, yksi edunvalvontavaltuutetulle sek\u00e4 yksi itselleni.<\/p>\n<p>Helsingiss\u00e4 [p\u00e4iv\u00e4ys]<\/p>\n<p>&nbsp;<\/p>\n<p>Hoiva Tahto<\/p>\n<p>20.1.2026<\/p>\n","protected":false},"excerpt":{"rendered":"<p>Min\u00e4 Hoiva Tahto, s. 30.2.1943, olen t\u00e4n\u00e4\u00e4n tehnyt alla olevan hoivatahdon selvitt\u00e4\u00e4kseni hoivaani koskevan tahtoni. Hoivatahto tulee voimaan heti ja sit\u00e4 sovelletaan tilanteen mukaan. J\u00e4rjest\u00e4n hoivani itse jos pystyn, muutoin toimitaan kuten alla on m\u00e4\u00e4r\u00e4tty. Hoivatahto on jaettu kahteen p\u00e4\u00e4osaan, sitovat m\u00e4\u00e4r\u00e4ykset isoista ja t\u00e4rkeimmist\u00e4 asioista sek\u00e4 muista asioista jotka voivat olla joko sitovia tai [&hellip;]<\/p>\n","protected":false},"author":1,"featured_media":0,"parent":53,"menu_order":0,"comment_status":"closed","ping_status":"closed","template":"","meta":{"advanced_seo_description":"","jetpack_seo_html_title":"","jetpack_seo_noindex":false,"footnotes":""},"class_list":["post-98","page","type-page","status-publish","hentry","entry"],"jetpack_sharing_enabled":true,"_links":{"self":[{"href":"https:\/\/syyspuolenturva.fi\/index.php\/wp-json\/wp\/v2\/pages\/98","targetHints":{"allow":["GET"]}}],"collection":[{"href":"https:\/\/syyspuolenturva.fi\/index.php\/wp-json\/wp\/v2\/pages"}],"about":[{"href":"https:\/\/syyspuolenturva.fi\/index.php\/wp-json\/wp\/v2\/types\/page"}],"author":[{"embeddable":true,"href":"https:\/\/syyspuolenturva.fi\/index.php\/wp-json\/wp\/v2\/users\/1"}],"replies":[{"embeddable":true,"href":"https:\/\/syyspuolenturva.fi\/index.php\/wp-json\/wp\/v2\/comments?post=98"}],"version-history":[{"count":5,"href":"https:\/\/syyspuolenturva.fi\/index.php\/wp-json\/wp\/v2\/pages\/98\/revisions"}],"predecessor-version":[{"id":378,"href":"https:\/\/syyspuolenturva.fi\/index.php\/wp-json\/wp\/v2\/pages\/98\/revisions\/378"}],"up":[{"embeddable":true,"href":"https:\/\/syyspuolenturva.fi\/index.php\/wp-json\/wp\/v2\/pages\/53"}],"wp:attachment":[{"href":"https:\/\/syyspuolenturva.fi\/index.php\/wp-json\/wp\/v2\/media?parent=98"}],"curies":[{"name":"wp","href":"https:\/\/api.w.org\/{rel}","templated":true}]}}