{"id":65,"date":"2024-10-04T18:06:34","date_gmt":"2024-10-04T18:06:34","guid":{"rendered":"https:\/\/syyspuolenturva.fi\/?page_id=65"},"modified":"2025-09-11T14:00:00","modified_gmt":"2025-09-11T12:00:00","slug":"rahat","status":"publish","type":"page","link":"https:\/\/syyspuolenturva.fi\/index.php\/alku\/rahat\/","title":{"rendered":"Rahat"},"content":{"rendered":"\r\n<p><img data-recalc-dims=\"1\" loading=\"lazy\" decoding=\"async\" class=\"size-medium wp-image-78 alignright\" src=\"https:\/\/i0.wp.com\/syyspuolenturva.fi\/wp-content\/uploads\/2024\/10\/AT-bild1.jpg?resize=295%2C300&#038;ssl=1\" alt=\"teemakuva\" width=\"295\" height=\"300\" srcset=\"https:\/\/i0.wp.com\/syyspuolenturva.fi\/wp-content\/uploads\/2024\/10\/AT-bild1.jpg?resize=295%2C300&amp;ssl=1 295w, https:\/\/i0.wp.com\/syyspuolenturva.fi\/wp-content\/uploads\/2024\/10\/AT-bild1.jpg?w=358&amp;ssl=1 358w\" sizes=\"auto, (max-width: 295px) 100vw, 295px\" \/>Raha-asioiden j\u00e4rjestely\u00e4 k\u00e4sitelty useilla sivuilla.<\/p>\r\n\r\n\r\n\r\n<p>T\u00e4m\u00e4n sivun alasivut:<\/p>\r\n\r\n\r\n\r\n<ul class=\"wp-block-list\">\r\n<li>pankkitilit; ja<\/li>\r\n\r\n\r\n\r\n<li>riitt\u00e4v\u00e4tk\u00f6 rahat?<\/li>\r\n<\/ul>\r\n\r\n\r\n\r\n<p>Pankkitilien j\u00e4rjestelyt k\u00e4sittelev\u00e4t l\u00e4hinn\u00e4 parien tilij\u00e4rjestelyj\u00e4 silt\u00e4 kannalta, ett\u00e4 rahoja on k\u00e4ytett\u00e4viss\u00e4 my\u00f6s, jos tulee vaikeuksia, esim. toinen joutuu hoivakotiin tai kuolee. T\u00e4llaisissa tilanteissa on muutakin tekemist\u00e4, kun menn\u00e4 pankkiin muuttamaan tilij\u00e4rjestelyj\u00e4.<\/p>\r\n\r\n\r\n\r\n<p>Riitt\u00e4v\u00e4tk\u00f6 rahat? k\u00e4sittelee el\u00e4keajan muutoksia, suuruusluokkaa tulojen tai omaisuuden puoliintumisia. N\u00e4m\u00e4 asiat tulee ottaa huomioon kun suunnittelee el\u00e4keajan taloutta.<\/p>\r\n\r\n\r\n\r\n<p>Lis\u00e4ksi raha-asioita k\u00e4sitell\u00e4\u00e4n testamenttisivulla, etenkin jos parin toinen kuolee, niin testamenttim\u00e4\u00e4r\u00e4yksill\u00e4 voidaan helpottaa lesken toimeentuloa. Testamentti on olennainen my\u00f6s silloin kun haluaa parantaa avolesken el\u00e4m\u00e4\u00e4.<\/p>\r\n","protected":false},"excerpt":{"rendered":"<p>Raha-asioiden j\u00e4rjestely\u00e4 k\u00e4sitelty useilla sivuilla. T\u00e4m\u00e4n sivun alasivut: Pankkitilien j\u00e4rjestelyt k\u00e4sittelev\u00e4t l\u00e4hinn\u00e4 parien tilij\u00e4rjestelyj\u00e4 silt\u00e4 kannalta, ett\u00e4 rahoja on k\u00e4ytett\u00e4viss\u00e4 my\u00f6s, jos tulee vaikeuksia, esim. toinen joutuu hoivakotiin tai kuolee. T\u00e4llaisissa tilanteissa on muutakin tekemist\u00e4, kun menn\u00e4 pankkiin muuttamaan tilij\u00e4rjestelyj\u00e4. Riitt\u00e4v\u00e4tk\u00f6 rahat? k\u00e4sittelee el\u00e4keajan muutoksia, suuruusluokkaa tulojen tai omaisuuden puoliintumisia. N\u00e4m\u00e4 asiat tulee ottaa huomioon [&hellip;]<\/p>\n","protected":false},"author":1,"featured_media":0,"parent":36,"menu_order":0,"comment_status":"closed","ping_status":"closed","template":"","meta":{"advanced_seo_description":"","jetpack_seo_html_title":"","jetpack_seo_noindex":false,"footnotes":""},"class_list":["post-65","page","type-page","status-publish","hentry","entry"],"jetpack_sharing_enabled":true,"_links":{"self":[{"href":"https:\/\/syyspuolenturva.fi\/index.php\/wp-json\/wp\/v2\/pages\/65","targetHints":{"allow":["GET"]}}],"collection":[{"href":"https:\/\/syyspuolenturva.fi\/index.php\/wp-json\/wp\/v2\/pages"}],"about":[{"href":"https:\/\/syyspuolenturva.fi\/index.php\/wp-json\/wp\/v2\/types\/page"}],"author":[{"embeddable":true,"href":"https:\/\/syyspuolenturva.fi\/index.php\/wp-json\/wp\/v2\/users\/1"}],"replies":[{"embeddable":true,"href":"https:\/\/syyspuolenturva.fi\/index.php\/wp-json\/wp\/v2\/comments?post=65"}],"version-history":[{"count":4,"href":"https:\/\/syyspuolenturva.fi\/index.php\/wp-json\/wp\/v2\/pages\/65\/revisions"}],"predecessor-version":[{"id":335,"href":"https:\/\/syyspuolenturva.fi\/index.php\/wp-json\/wp\/v2\/pages\/65\/revisions\/335"}],"up":[{"embeddable":true,"href":"https:\/\/syyspuolenturva.fi\/index.php\/wp-json\/wp\/v2\/pages\/36"}],"wp:attachment":[{"href":"https:\/\/syyspuolenturva.fi\/index.php\/wp-json\/wp\/v2\/media?parent=65"}],"curies":[{"name":"wp","href":"https:\/\/api.w.org\/{rel}","templated":true}]}}